{"id":17,"date":"2016-03-07T23:55:29","date_gmt":"2016-03-07T22:55:29","guid":{"rendered":"http:\/\/aharntha.cyon.link\/athai\/?page_id=17"},"modified":"2018-12-27T13:00:29","modified_gmt":"2018-12-27T12:00:29","slug":"ueber-uns","status":"publish","type":"page","link":"https:\/\/www.aharnthai.ch\/","title":{"rendered":"\u00fcber Aharnthai"},"content":{"rendered":"<p>[et_pb_section fb_built=&#8220;1&#8243; fullwidth=&#8220;on&#8220; admin_label=&#8220;section&#8220; _builder_version=&#8220;3.0.74&#8243; background_color=&#8220;#2ea3f2&#8243;][et_pb_fullwidth_image src=&#8220;https:\/\/www.aharnthai.ch\/wp-content\/uploads\/2016\/04\/header.png&#8220; use_overlay=&#8220;on&#8220; admin_label=&#8220;Volle Breite des Bildes&#8220; _builder_version=&#8220;3.0.87&#8243; animation=&#8220;off&#8220; use_border_color=&#8220;off&#8220; border_color=&#8220;#ffffff&#8220; border_style=&#8220;solid&#8220; saved_tabs=&#8220;all&#8220;] [\/et_pb_fullwidth_image][\/et_pb_section][et_pb_section fb_built=&#8220;1&#8243; specialty=&#8220;on&#8220; admin_label=&#8220;section&#8220; _builder_version=&#8220;3.0.47&#8243;][et_pb_column type=&#8220;1_4&#8243; _builder_version=&#8220;3.0.47&#8243; parallax=&#8220;off&#8220; parallax__hover=&#8220;off&#8220; parallax_method=&#8220;on&#8220; parallax_method__hover=&#8220;on&#8220;][et_pb_sidebar admin_label=&#8220;Sidebar&#8220; _builder_version=&#8220;3.0.74&#8243;] [\/et_pb_sidebar][\/et_pb_column][et_pb_column type=&#8220;3_4&#8243; specialty_columns=&#8220;3&#8243; _builder_version=&#8220;3.0.47&#8243; parallax=&#8220;off&#8220; parallax__hover=&#8220;off&#8220; parallax_method=&#8220;on&#8220; parallax_method__hover=&#8220;on&#8220;][et_pb_row_inner admin_label=&#8220;row_inner&#8220; _builder_version=&#8220;3.0.47&#8243;][et_pb_column_inner type=&#8220;4_4&#8243; saved_specialty_column_type=&#8220;3_4&#8243; _builder_version=&#8220;3.0.47&#8243; parallax=&#8220;off&#8220; parallax__hover=&#8220;off&#8220; parallax_method=&#8220;on&#8220; parallax_method__hover=&#8220;on&#8220;][et_pb_text admin_label=&#8220;Text&#8220; _builder_version=&#8220;3.0.87&#8243; background_size=&#8220;initial&#8220; background_position=&#8220;top_left&#8220; background_repeat=&#8220;repeat&#8220; use_border_color=&#8220;off&#8220; border_color=&#8220;#ffffff&#8220; border_style=&#8220;solid&#8220;]<\/p>\n<article class=\"item-page\">\n<h1>\u00fcber Aharnthai<\/h1>\n<p>&nbsp;<\/p>\n<p>Aharn-Thai Partyservice ist ein Einzelunternehmen von Kularp (M\u00e4m) Str\u00fcbin.<\/p>\n<p>Ich biete folgende Dienstleistungen an:<\/p>\n<ul>\n<li><a href=\"http:\/\/www.aharnthai.ch\/?page_id=21\">Partyservice<\/a> f\u00fcr thail\u00e4ndische Spezialit\u00e4ten<\/li>\n<li>Ich koche f\u00fcr Sie <a href=\"http:\/\/www.aharnthai.ch\/?page_id=129\">zu Hause<\/a>. Lassen Sie sich und Ihre G\u00e4ste von mir verw\u00f6hnen<\/li>\n<li><a href=\"http:\/\/www.aharnthai.ch\/?page_id=140\">Ap\u00e9ro Gerichte<\/a><\/li>\n<li>Frische <a href=\"http:\/\/www.aharnthai.ch\/?page_id=36\">Fr\u00fchlingsrollen<\/a><\/li>\n<li>Beratung f\u00fcr ihren Anlass<\/li>\n<\/ul>\n<\/article>\n<p>[\/et_pb_text][\/et_pb_column_inner][\/et_pb_row_inner][\/et_pb_column][\/et_pb_section]<\/p>\n","protected":false},"excerpt":{"rendered":"<p>[et_pb_section fb_built=&#8220;1&#8243; fullwidth=&#8220;on&#8220; admin_label=&#8220;section&#8220; _builder_version=&#8220;3.0.74&#8243; background_color=&#8220;#2ea3f2&#8243;][et_pb_fullwidth_image src=&#8220;https:\/\/www.aharnthai.ch\/wp-content\/uploads\/2016\/04\/header.png&#8220; use_overlay=&#8220;on&#8220; admin_label=&#8220;Volle Breite des Bildes&#8220; _builder_version=&#8220;3.0.87&#8243; animation=&#8220;off&#8220; use_border_color=&#8220;off&#8220; border_color=&#8220;#ffffff&#8220; border_style=&#8220;solid&#8220; saved_tabs=&#8220;all&#8220;] [\/et_pb_fullwidth_image][\/et_pb_section][et_pb_section fb_built=&#8220;1&#8243; specialty=&#8220;on&#8220; admin_label=&#8220;section&#8220; _builder_version=&#8220;3.0.47&#8243;][et_pb_column type=&#8220;1_4&#8243; _builder_version=&#8220;3.0.47&#8243; parallax=&#8220;off&#8220; parallax__hover=&#8220;off&#8220; parallax_method=&#8220;on&#8220; parallax_method__hover=&#8220;on&#8220;][et_pb_sidebar admin_label=&#8220;Sidebar&#8220; _builder_version=&#8220;3.0.74&#8243;] [\/et_pb_sidebar][\/et_pb_column][et_pb_column type=&#8220;3_4&#8243; specialty_columns=&#8220;3&#8243; _builder_version=&#8220;3.0.47&#8243; parallax=&#8220;off&#8220; parallax__hover=&#8220;off&#8220; parallax_method=&#8220;on&#8220; parallax_method__hover=&#8220;on&#8220;][et_pb_row_inner admin_label=&#8220;row_inner&#8220; _builder_version=&#8220;3.0.47&#8243;][et_pb_column_inner type=&#8220;4_4&#8243; saved_specialty_column_type=&#8220;3_4&#8243; _builder_version=&#8220;3.0.47&#8243; parallax=&#8220;off&#8220; parallax__hover=&#8220;off&#8220; parallax_method=&#8220;on&#8220; parallax_method__hover=&#8220;on&#8220;][et_pb_text admin_label=&#8220;Text&#8220; _builder_version=&#8220;3.0.87&#8243; background_size=&#8220;initial&#8220; background_position=&#8220;top_left&#8220; background_repeat=&#8220;repeat&#8220; use_border_color=&#8220;off&#8220; border_color=&#8220;#ffffff&#8220; [&hellip;]<\/p>\n","protected":false},"author":1,"featured_media":0,"parent":0,"menu_order":0,"comment_status":"closed","ping_status":"closed","template":"","meta":{"_et_pb_use_builder":"on","_et_pb_old_content":"Aharn-Thai Partyservice ist ein Einzelunternehmen von Kularp (M\u00e4m) Str\u00fcbin.\r\n\r\nIch biete folgende Dienstleistungen an:\r\n\r\n    Partyservice f\u00fcr thail\u00e4ndische Spezialit\u00e4ten\r\n    Ich koche f\u00fcr Sie zu Hause. Lassen Sie sich und Ihre G\u00e4ste von mir verw\u00f6hnen\r\n    Ap\u00e9ro Gerichte\r\n    Frische Fr\u00fchingsrollen\r\n    Beratung f\u00fcr ihren Anlass","_et_gb_content_width":"","footnotes":""},"_links":{"self":[{"href":"https:\/\/www.aharnthai.ch\/index.php?rest_route=\/wp\/v2\/pages\/17"}],"collection":[{"href":"https:\/\/www.aharnthai.ch\/index.php?rest_route=\/wp\/v2\/pages"}],"about":[{"href":"https:\/\/www.aharnthai.ch\/index.php?rest_route=\/wp\/v2\/types\/page"}],"author":[{"embeddable":true,"href":"https:\/\/www.aharnthai.ch\/index.php?rest_route=\/wp\/v2\/users\/1"}],"replies":[{"embeddable":true,"href":"https:\/\/www.aharnthai.ch\/index.php?rest_route=%2Fwp%2Fv2%2Fcomments&post=17"}],"version-history":[{"count":9,"href":"https:\/\/www.aharnthai.ch\/index.php?rest_route=\/wp\/v2\/pages\/17\/revisions"}],"predecessor-version":[{"id":339,"href":"https:\/\/www.aharnthai.ch\/index.php?rest_route=\/wp\/v2\/pages\/17\/revisions\/339"}],"wp:attachment":[{"href":"https:\/\/www.aharnthai.ch\/index.php?rest_route=%2Fwp%2Fv2%2Fmedia&parent=17"}],"curies":[{"name":"wp","href":"https:\/\/api.w.org\/{rel}","templated":true}]}}